isor of 539362980 and 2385.
2385
What is the greatest common divisor of 150536 and 1473796?
2428
Calculate the greatest common factor of 8978 and 631542.
134
What is the highest common factor of 51309320 and 344?
344
What is the highest common divisor of 714 and 30913106?
238
Calculate the greatest common divisor of 3621266 and 2057176.
5302
Calculate the greatest common divisor of 1636 and 11927258.
818
What is the greatest common divisor of 104 and 20742904?
104
Calculate the highest common divisor of 4024343 and 2120.
53
What is the greatest common divisor of 14970 and 270?
30
Calculate the highest common factor of 21209 and 10273840.
167
Calculate the highest common divisor of 6118 and 15490454.
322
What is the highest common divisor of 1350 and 210850?
50
What is the greatest common factor of 14534 and 13702?
26
What is the greatest common factor of 32152 and 1592?
8
What is the greatest common divisor of 8282 and 41779?
41
Calculate the highest common factor of 507544 and 31128.
8
What is the highest common factor of 113925 and 377475?
525
Calculate the greatest common divisor of 345 and 246510205.
115
Calculate the greatest common divisor of 38710 and 1303895.
395
What is the greatest common factor of 2166 and 28353662?
722
What is the greatest common factor of 7907 and 1585978153?
7907
Calculate the highest common factor of 1570141 and 874.
437
What is the greatest common divisor of 218891 and 161851?
713
Calculate the greatest common factor of 1948779 and 18864711.
13257
Calculate the greatest common factor of 70912 and 618264.
2216
Calculate the highest common factor of 39433834 and 33.
11
Calculate the highest common factor of 704 and 4001624.
88
What is the highest common divisor of 196315 and 749?
7
What is the greatest common divisor of 242562 and 6?
6
What is the highest common divisor of 5548 and 53219?
19
What is the greatest common factor of 58 and 5390810?
58
Calculate the greatest common divisor of 383084 and 711958.
3614
Calculate the greatest common factor of 188309 and 21758572.
3553
Calculate the greatest common divisor of 30 and 4171010.
10
What is the highest common divisor of 599676 and 2184?
84
What is the greatest common factor of 7018960 and 4760?
680
What is the highest common divisor of 24589502 and 714?
14
What is the highest common divisor of 21888684 and 10260?
2052
Calculate the highest common factor of 7590 and 499118400.
7590
What is the greatest common divisor of 12 and 28810212?
12
What is the highest common factor of 7816 and 3367719?
977
What is the highest common divisor of 17499 and 23337833?
5833
Calculate the highest common factor of 95808 and 233664.
192
What is the greatest common factor of 6720 and 3414880?
1120
What is the highest common factor of 5159823 and 255?
51
What is the greatest common factor of 18 and 45647667?
9
What is the highest common divisor of 38733186 and 57174?
4398
Calculate the highest common factor of 82460 and 7596085.
1085
Calculate the greatest common factor of 55013408 and 5992.
856
Calculate the highest common factor of 490742118 and 783.
783
What is the highest common divisor of 80614648 and 16?
8
Calculate the highest common factor of 14200 and 158850.
50
Calculate the highest common factor of 65156 and 22375.
179
What is the greatest common factor of 1800348 and 130548?
3036
Calculate the highest common divisor of 24901 and 38221.
37
Calculate the greatest common factor of 6429542 and 225073.
1301
What is the greatest common factor of 1680831 and 10?
1
Calculate the greatest common divisor of 12100924 and 296.
148
What is the greatest common divisor of 395768 and 31706856?
6488
What is the highest common factor of 40128 and 61792?
32
Calculate the highest common factor of 127948 and 4205.
29
Calculate the highest common factor of 906 and 279102.
6
What is the highest common divisor of 1108040 and 2360?
40
Calculate the greatest common divisor of 4500 and 4440500.
500
What is the highest common factor of 5032 and 2141014?
34
What is the greatest common divisor of 1606 and 4710106?
146
What is the greatest common factor of 3 and 124845897?
3
Calculate the highest common divisor of 7869335 and 205.
205
What is the greatest common divisor of 1662144 and 729168?
528
Calculate the greatest common factor of 221493 and 407898.
2193
Calculate the greatest common factor of 1502679 and 124131.
771
Calculate the highest common factor of 26 and 2938481.
13
Calculate the highest common divisor of 3073 and 7205746.
439
What is the greatest common factor of 122310 and 11190?
30
What is the highest common factor of 362393589 and 69?
69
What is the greatest common factor of 595 and 129080?
35
What is the highest common factor of 1294710 and 3010515?
6285
What is the highest common divisor of 8103 and 21641799?
219
What is the greatest common factor of 3680988 and 60?
12
What is the highest common factor of 81039 and 19791723?
357
What is the highest common divisor of 30054 and 147?
3
What is the greatest common divisor of 24705 and 6194367?
1647
What is the highest common factor of 1160 and 5608?
8
Calculate the highest common factor of 7326 and 43284672.
666
Calculate the greatest common factor of 7622134 and 7384.
1846
Calculate the highest common divisor of 536937 and 310699.
89
What is the highest common divisor of 154 and 1023376772?
22
What is the greatest common factor of 165455793 and 36?
9
What is the highest common factor of 3017683 and 37?
37
What is the greatest common divisor of 86399895 and 699?
699
What is the highest common factor of 246 and 241094145?
123
What is the highest common factor of 261 and 141274428?
87
Calculate the greatest common factor of 80934 and 31038.
42
What is the highest common divisor of 7490 and 2156925260?
7490
What is the greatest common factor of 147 and 4030642?
49
What is the highest common divisor of 1055725 and 2256650?
3025
Calculate the greatest common divisor of 4649254 and 136246.
1126
What is the greatest common factor of 184405109 and 14?
7
Calculate the greatest common factor of 96390 and 692631.
1377
Calculate the greatest common factor of 12772 and 1918652.
124
Calculate the greatest common factor of 1777710 and 1155.
165
Calculate the highest common divisor of 173502 and 7809291.
1701
What is the greatest common factor of 697257 and 3366?
99
What is the highest common divisor of 216529 and 1299716?
271
Calculate the highest common divisor of 1414 and 39438.
14
What is the highest common divisor of 11992 and 1378702252?
5996
What is the greatest common factor of 5824759 and 107?
107
Calculate the greatest common factor of 38272 and 26208.
416
Calculate the greatest common divisor of 2897626 and 3208.
802
What is the highest common factor of 961084 and 452?
4
What is the highest common factor of 499462401 and 4527?
1509
What is the greatest common factor of 4599 and 2174816?
511
What is the highest common factor of 8594313 and 1092?
273
Calculate the highest common divisor of 247583 and 225661.
113
What is the greatest common factor of 45033 and 82926?
51
What is the greatest common divisor of 143 and 5952206?
13
What is the greatest common divisor of 2931600 and 13440?
1680
What is the greatest common divisor of 931 and 836549?
7
Calculate the highest common divisor of 110264 and 194305216.
10024
Calculate the highest common divisor of 147266 and 27723374.
2198
What is the highest common divisor of 40 and 733475512?
8
What is the highest common divisor of 6574 and 42294?
38
Calculate the greatest common divisor of 1157 and 16006561.
89
Calculate the greatest common divisor of 765132346 and 9628.
4814
Calculate the greatest common divisor of 23360 and 26134.
146
What is the highest common divisor of 684 and 4595328?
36
What is the greatest common divisor of 136 and 26205874?
34
Calculate the greatest common divisor of 1539 and 1765606977.
1539
Calculate the greatest common divisor of 8576610 and 16485.
105
What is the highest common factor of 528 and 68434674?
66
What is the greatest common divisor of 6555 and 570975?
345
Calculate the greatest common factor of 1002759 and 3297.
471
Calculate the greatest common factor of 1507710 and 485460.
870
Calculate the highest common factor of 1184682 and 732072.
282
What is the grea